{"id":2454,"date":"2020-10-26T11:59:23","date_gmt":"2020-10-26T10:59:23","guid":{"rendered":"https:\/\/www.mutuastar.com\/new\/?page_id=2454"},"modified":"2025-12-16T14:36:53","modified_gmt":"2025-12-16T13:36:53","slug":"rimborsi-e-sussidi","status":"publish","type":"page","link":"https:\/\/www.mutuastar.com\/new\/rimborsi-e-sussidi\/","title":{"rendered":"Rimborsi e sussidi"},"content":{"rendered":"<h3><img loading=\"lazy\" decoding=\"async\" class=\"alignnone wp-image-4173\" src=\"http:\/\/www.mutuastar.com\/new\/wp-content\/uploads\/2024\/02\/Sito_Banner-articoli-5-500x125.png\" alt=\"\" width=\"908\" height=\"227\" srcset=\"https:\/\/www.mutuastar.com\/new\/wp-content\/uploads\/2024\/02\/Sito_Banner-articoli-5-500x125.png 500w, https:\/\/www.mutuastar.com\/new\/wp-content\/uploads\/2024\/02\/Sito_Banner-articoli-5-200x50.png 200w, https:\/\/www.mutuastar.com\/new\/wp-content\/uploads\/2024\/02\/Sito_Banner-articoli-5-150x38.png 150w, https:\/\/www.mutuastar.com\/new\/wp-content\/uploads\/2024\/02\/Sito_Banner-articoli-5.png 1200w\" sizes=\"auto, (max-width: 908px) 100vw, 908px\" \/><\/h3>\n<h3>Quali sono i rimborsi e i sussidi che mi spettano?<\/h3>\n<blockquote><p>I soci MACC possono chiedere, per loro e per i loro figli minori, una serie di erogazioni che vengono liquidate direttamente nel conto corrente da loro indicato.<\/p><\/blockquote>\n<p>Clicca qui per scegliere l&#8217;erogazione che ti interessa:<\/p>\n<ul>\n<li><a href=\"https:\/\/www.mutuastar.com\/new\/diaria-e-day-hospital\/\" target=\"_blank\" rel=\"noopener noreferrer\">Diarie e day hospital<\/a> da ricovero: se sono stato ricoverato in ospedale per uno o pi\u00f9 giorni;<\/li>\n<li><a href=\"https:\/\/www.mutuastar.com\/new\/networkrimborsi\/\" target=\"_blank\" rel=\"noopener noreferrer\">Visite e terapie<\/a> effettuate presso strutture convenzionate: se ho pagato privatamente uno o pi\u00f9 medici o strutture sanitarie che rientrino nella rete dei convenzionati MACC;<\/li>\n<li><a href=\"https:\/\/www.mutuastar.com\/new\/farmacie-e-parafarmacie\/\" target=\"_blank\" rel=\"noopener noreferrer\">Buoni per acquisti<\/a> apparecchiature in farmacia per soci over 70;<\/li>\n<li><a href=\"https:\/\/www.mutuastar.com\/new\/trasporti\/\" target=\"_blank\" rel=\"noopener noreferrer\">Trasporti con CRI e Taxi sanitari<\/a>: se ho pagato privatamente un trasporto in ospedale o in una struttura sanitaria;<\/li>\n<li><a href=\"https:\/\/www.mutuastar.com\/new\/modulistica-rimborsi-giovani-e-genitori\/\" target=\"_blank\" rel=\"noopener noreferrer\">Sussidi per le famiglie<\/a>: le erogazioni previste per le iscrizioni a scuola, all&#8217;universit\u00e0 e alle attivit\u00e0 sportive e culturali dei figli dei Soci, nonch\u00e8 per i rimborsi dei dentisti convenzionati relativi alle prestazioni dei figli minori.<\/li>\n<\/ul>\n<h3>Come posso richiedere le erogazioni?<\/h3>\n<p>Puoi inviare le richieste di rimborso utilizzando le seguenti modalit\u00e0:<\/p>\n<ul>\n<li><a href=\"mailto:segreteria@mutuastar.com\"><strong>via mail<\/strong><\/a> allegando il pdf del documento che giustifica la richiesta (lettera di dimissione, fattura, certificato di iscrizione etc);<\/li>\n<li><strong>via whatsapp,<\/strong> cliccando sul popup in alto a destra nel nostro sito oppure salvando in memoria della propria rubrica del cellulare <strong>il numero di telefono 351 6619875,<\/strong> spedendo la foto del documento che giustifica la richiesta. Ti risponderemo direttamente su Whatsapp non avremo caricato la tua pratica! Ti invitiamo a leggere l&#8217;informativa sulla privacy del servizio whatsapp e le informazioni relative alla modulistica autorizzatoria per l&#8217;uso del servizio <a href=\"https:\/\/www.mutuastar.com\/new\/servizio-whatsapp\/\">cliccando qui.<\/a><\/li>\n<li>In alternativa, <strong>di persona in ufficio <span style=\"text-decoration: underline;\">previo appuntamento telefonico<\/span> <\/strong>o tramite le filiali BCC Venezia Giulia, portando la documentazione in busta chiusa all&#8217;attenzione della MACC.<\/li>\n<\/ul>\n<p>Le richieste di rimborso possono essere presentate <strong data-start=\"524\" data-end=\"572\">entro 90 giorni dalla data della prestazione<\/strong>. \u00c8 possibile inviare <strong data-start=\"594\" data-end=\"617\">in un\u2019unica pratica<\/strong> una o pi\u00f9 richieste relative alle prestazioni effettuate nei tre mesi precedenti. A partire dal <strong data-start=\"722\" data-end=\"736\">1\u00b0 gennaio 2026<\/strong>, per ogni pratica di rimborso \u00e8 previsto un <strong data-start=\"781\" data-end=\"815\">contributo fisso di segreteria<\/strong>, automaticamente detratto dall\u2019importo liquidato, pari a <strong data-start=\"873\" data-end=\"883\">\u20ac 1,00<\/strong> in caso di accredito su conto BCC Venezia Giulia oppure a <strong data-start=\"942\" data-end=\"952\">\u20ac 2,00<\/strong> se l\u2019IBAN indicato \u00e8 presso altro istituto. Questa modalit\u00e0 consente una gestione pi\u00f9 ordinata delle pratiche e riduce il rischio di errori o omissioni in fase di liquidazione.<\/p>\n<h3>Cosa succede dopo che ho inviato la mia richiesta?<\/h3>\n<p>Le pratiche ricevute nel corso del mese saranno istruite e liquidate, ove ne sussistano i requisiti, verso la seconda met\u00e0 del mese successivo: se consegni a esempio una pratica il 10 di febbraio, il pagamento avverr\u00e0 di norma tra il 15 di marzo e la fine del mese.<br \/>\nNel caso in cui i documenti consegnati non siano sufficienti per istruire la pratica, o non siano corretti, o siano decorsi i tempi di prescrizione per la richiesta, la segreteria MACC ti contatter\u00e0 per informarti del problema e, ove possibile, risolverlo. Siamo sempre a disposizione per eventuali chiarimenti o informazioni al numero di telefono 0481 486359.<\/p>\n<p><em>(ultimo aggiornamento: 16\/12\/2025)<\/em><\/p>\n","protected":false},"excerpt":{"rendered":"<p>Quali sono i rimborsi e i sussidi che mi spettano? I soci MACC possono chiedere, per loro e per i loro figli minori, una serie di erogazioni che vengono liquidate direttamente nel conto corrente da loro indicato. Clicca qui per scegliere l&#8217;erogazione che ti interessa: Diarie e day hospital da ricovero: se sono stato ricoverato in ospedale per uno o pi\u00f9 giorni; Visite e terapie effettuate presso strutture convenzionate: se ho pagato privatamente uno o pi\u00f9 medici o strutture sanitarie che rientrino nella rete dei convenzionati MACC; Buoni per acquisti apparecchiature in farmacia per soci over 70; Trasporti con CRI&#8230; <a class=\"continue-reading-link\" href=\"https:\/\/www.mutuastar.com\/new\/rimborsi-e-sussidi\/\">Continua a leggere<\/a><\/p>\n","protected":false},"author":2,"featured_media":2455,"parent":0,"menu_order":0,"comment_status":"closed","ping_status":"closed","template":"","meta":{"footnotes":""},"class_list":["post-2454","page","type-page","status-publish","has-post-thumbnail","hentry"],"_links":{"self":[{"href":"https:\/\/www.mutuastar.com\/new\/wp-json\/wp\/v2\/pages\/2454","targetHints":{"allow":["GET"]}}],"collection":[{"href":"https:\/\/www.mutuastar.com\/new\/wp-json\/wp\/v2\/pages"}],"about":[{"href":"https:\/\/www.mutuastar.com\/new\/wp-json\/wp\/v2\/types\/page"}],"author":[{"embeddable":true,"href":"https:\/\/www.mutuastar.com\/new\/wp-json\/wp\/v2\/users\/2"}],"replies":[{"embeddable":true,"href":"https:\/\/www.mutuastar.com\/new\/wp-json\/wp\/v2\/comments?post=2454"}],"version-history":[{"count":12,"href":"https:\/\/www.mutuastar.com\/new\/wp-json\/wp\/v2\/pages\/2454\/revisions"}],"predecessor-version":[{"id":5009,"href":"https:\/\/www.mutuastar.com\/new\/wp-json\/wp\/v2\/pages\/2454\/revisions\/5009"}],"wp:featuredmedia":[{"embeddable":true,"href":"https:\/\/www.mutuastar.com\/new\/wp-json\/wp\/v2\/media\/2455"}],"wp:attachment":[{"href":"https:\/\/www.mutuastar.com\/new\/wp-json\/wp\/v2\/media?parent=2454"}],"curies":[{"name":"wp","href":"https:\/\/api.w.org\/{rel}","templated":true}]}}