{"id":367,"date":"2016-10-21T16:42:38","date_gmt":"2016-10-21T14:42:38","guid":{"rendered":"http:\/\/www.mutuastar.com\/new\/?page_id=367"},"modified":"2025-10-02T10:55:01","modified_gmt":"2025-10-02T08:55:01","slug":"dermatologia","status":"publish","type":"page","link":"https:\/\/www.mutuastar.com\/new\/dermatologia\/","title":{"rendered":"Dermatologia"},"content":{"rendered":"<h2>Dermatologia<\/h2>\n<p>E&#8217; disponibile su prenotazione, presso l&#8217;ambulatorio Moratti,<em><strong> la specialit\u00e0 di dermatologia e medicina estetica<\/strong> (fillers all&#8217;acido ialuronico e tossina botulinica) <\/em>sotto la guida della professionalit\u00e0 della Dott.ssa Erica Antonini.<br \/>\nLe visite si tengono normalmente i gioved\u00ec pomeriggio; \u00e8 necessario telefonare alla segreteria della Mutua (0481\/486359) o in ambulatorio (0481\/830104) per concordare data e ora della propria visita specialistica. <em>Sar\u00e0 possibile prenotare sia una visita che, eventualmente, dei piccoli interventi ambulatoriali finalizzati a risolvere alcune problematiche connesse alla pelle.<\/em><br \/>\n<strong>Prezzo riservato per i Soci MACC, da definire in accettazione sulla base della prestazione erogata.<\/strong><br \/>\nE&#8217; sempre previsto anche il rimborso, per i soli soci Mutua, del 30% di quanto pagato per le visite e del 20% per le terapie (<span style=\"text-decoration: underline;\">ad esclusione delle prestazioni di medicina estetica che, come da regolamento, non sono oggetto di rimborso<\/span>).<\/p>\n","protected":false},"excerpt":{"rendered":"<p>Dermatologia E&#8217; disponibile su prenotazione, presso l&#8217;ambulatorio Moratti, la specialit\u00e0 di dermatologia e medicina estetica (fillers all&#8217;acido ialuronico e tossina botulinica) sotto la guida della professionalit\u00e0 della Dott.ssa Erica Antonini. Le visite si tengono normalmente i gioved\u00ec pomeriggio; \u00e8 necessario telefonare alla segreteria della Mutua (0481\/486359) o in ambulatorio (0481\/830104) per concordare data e ora della propria visita specialistica. Sar\u00e0 possibile prenotare sia una visita che, eventualmente, dei piccoli interventi ambulatoriali finalizzati a risolvere alcune problematiche connesse alla pelle. Prezzo riservato per i Soci MACC, da definire in accettazione sulla base della prestazione erogata. E&#8217; sempre previsto anche il rimborso,&#8230; <a class=\"continue-reading-link\" href=\"https:\/\/www.mutuastar.com\/new\/dermatologia\/\">Continua a leggere<\/a><\/p>\n","protected":false},"author":2,"featured_media":649,"parent":0,"menu_order":0,"comment_status":"closed","ping_status":"closed","template":"","meta":{"footnotes":""},"class_list":["post-367","page","type-page","status-publish","has-post-thumbnail","hentry"],"_links":{"self":[{"href":"https:\/\/www.mutuastar.com\/new\/wp-json\/wp\/v2\/pages\/367","targetHints":{"allow":["GET"]}}],"collection":[{"href":"https:\/\/www.mutuastar.com\/new\/wp-json\/wp\/v2\/pages"}],"about":[{"href":"https:\/\/www.mutuastar.com\/new\/wp-json\/wp\/v2\/types\/page"}],"author":[{"embeddable":true,"href":"https:\/\/www.mutuastar.com\/new\/wp-json\/wp\/v2\/users\/2"}],"replies":[{"embeddable":true,"href":"https:\/\/www.mutuastar.com\/new\/wp-json\/wp\/v2\/comments?post=367"}],"version-history":[{"count":12,"href":"https:\/\/www.mutuastar.com\/new\/wp-json\/wp\/v2\/pages\/367\/revisions"}],"predecessor-version":[{"id":4934,"href":"https:\/\/www.mutuastar.com\/new\/wp-json\/wp\/v2\/pages\/367\/revisions\/4934"}],"wp:featuredmedia":[{"embeddable":true,"href":"https:\/\/www.mutuastar.com\/new\/wp-json\/wp\/v2\/media\/649"}],"wp:attachment":[{"href":"https:\/\/www.mutuastar.com\/new\/wp-json\/wp\/v2\/media?parent=367"}],"curies":[{"name":"wp","href":"https:\/\/api.w.org\/{rel}","templated":true}]}}