{"id":50,"date":"2016-04-08T15:54:20","date_gmt":"2016-04-08T13:54:20","guid":{"rendered":"http:\/\/www.mutuastar.com\/new\/?page_id=50"},"modified":"2026-04-17T08:53:35","modified_gmt":"2026-04-17T06:53:35","slug":"notizie-mutua-salute","status":"publish","type":"page","link":"https:\/\/www.mutuastar.com\/new\/notizie-mutua-salute\/","title":{"rendered":"Notizie Mutua Salute"},"content":{"rendered":"<p>&nbsp;<\/p>\r\n<p><img loading=\"lazy\" decoding=\"async\" class=\"alignnone  wp-image-4171\" src=\"http:\/\/www.mutuastar.com\/new\/wp-content\/uploads\/2024\/02\/Sito_Banner-articoli-3-500x125.png\" alt=\"\" width=\"900\" height=\"225\" srcset=\"https:\/\/www.mutuastar.com\/new\/wp-content\/uploads\/2024\/02\/Sito_Banner-articoli-3-500x125.png 500w, https:\/\/www.mutuastar.com\/new\/wp-content\/uploads\/2024\/02\/Sito_Banner-articoli-3-200x50.png 200w, https:\/\/www.mutuastar.com\/new\/wp-content\/uploads\/2024\/02\/Sito_Banner-articoli-3-150x38.png 150w, https:\/\/www.mutuastar.com\/new\/wp-content\/uploads\/2024\/02\/Sito_Banner-articoli-3.png 1200w\" sizes=\"auto, (max-width: 900px) 100vw, 900px\" \/><\/p>\r\n<p><strong>La MACC si \u00e8 dotata di un notiziario per informare i propri soci delle novit\u00e0 del mondo della Mutua. <\/strong>All&#8217;interno trovate alcune risposte alle domande pi\u00f9 frequenti dei nostri soci, l&#8217;elenco di tutte le strutture sanitarie e commerciali convenzionate, il riassunto dei sussidi dedicati alle famiglie e ai giovani soci, tutti i rimborsi e diarie dedicate, informazioni dettagliate sull&#8217;Ambulatorio &#8220;L. Moratti&#8221;, il nostro servizio trasporti gratuito, la Boschetta di Dobbia e molto altro&#8230;<br \/>Il direttore responsabile de &#8220;I Vantaggi per Te&#8221; \u00e8 il dott. Franco Iurlaro.<\/p>\r\n<p>E&#8217; possibile scaricare da questa pagina una versione online del notiziario che, ricordiamo, \u00e8 riservato ai soci.<br \/><strong>L&#8217;ultimo numero mandato in stampa \u00e8 quello di ottobre 2025: dai un&#8217;occhiata alle nuove convenzioni!\u00a0<\/strong><\/p>\r\n<p>\u00a0<a href=\"http:\/\/www.mutuastar.com\/new\/wp-content\/uploads\/2026\/04\/mutua-salute-aprile-2026.pdf\">APRILE 2026<\/a><\/p>\r\n<p>(agg. 15\/04\/2026)<\/p>\r\n","protected":false},"excerpt":{"rendered":"<p>&nbsp; La MACC si \u00e8 dotata di un notiziario per informare i propri soci delle novit\u00e0 del mondo della Mutua. All&#8217;interno trovate alcune risposte alle domande pi\u00f9 frequenti dei nostri soci, l&#8217;elenco di tutte le strutture sanitarie e commerciali convenzionate, il riassunto dei sussidi dedicati alle famiglie e ai giovani soci, tutti i rimborsi e diarie dedicate, informazioni dettagliate sull&#8217;Ambulatorio &#8220;L. Moratti&#8221;, il nostro servizio trasporti gratuito, la Boschetta di Dobbia e molto altro&#8230;Il direttore responsabile de &#8220;I Vantaggi per Te&#8221; \u00e8 il dott. Franco Iurlaro. E&#8217; possibile scaricare da questa pagina una versione online del notiziario che, ricordiamo, \u00e8&#8230; <a class=\"continue-reading-link\" href=\"https:\/\/www.mutuastar.com\/new\/notizie-mutua-salute\/\">Continua a leggere<\/a><\/p>\n","protected":false},"author":1,"featured_media":1526,"parent":0,"menu_order":0,"comment_status":"closed","ping_status":"closed","template":"","meta":{"footnotes":""},"class_list":["post-50","page","type-page","status-publish","has-post-thumbnail","hentry"],"_links":{"self":[{"href":"https:\/\/www.mutuastar.com\/new\/wp-json\/wp\/v2\/pages\/50","targetHints":{"allow":["GET"]}}],"collection":[{"href":"https:\/\/www.mutuastar.com\/new\/wp-json\/wp\/v2\/pages"}],"about":[{"href":"https:\/\/www.mutuastar.com\/new\/wp-json\/wp\/v2\/types\/page"}],"author":[{"embeddable":true,"href":"https:\/\/www.mutuastar.com\/new\/wp-json\/wp\/v2\/users\/1"}],"replies":[{"embeddable":true,"href":"https:\/\/www.mutuastar.com\/new\/wp-json\/wp\/v2\/comments?post=50"}],"version-history":[{"count":31,"href":"https:\/\/www.mutuastar.com\/new\/wp-json\/wp\/v2\/pages\/50\/revisions"}],"predecessor-version":[{"id":5138,"href":"https:\/\/www.mutuastar.com\/new\/wp-json\/wp\/v2\/pages\/50\/revisions\/5138"}],"wp:featuredmedia":[{"embeddable":true,"href":"https:\/\/www.mutuastar.com\/new\/wp-json\/wp\/v2\/media\/1526"}],"wp:attachment":[{"href":"https:\/\/www.mutuastar.com\/new\/wp-json\/wp\/v2\/media?parent=50"}],"curies":[{"name":"wp","href":"https:\/\/api.w.org\/{rel}","templated":true}]}}