{"id":60,"date":"2016-04-08T16:00:56","date_gmt":"2016-04-08T14:00:56","guid":{"rendered":"http:\/\/www.mutuastar.com\/new\/?page_id=60"},"modified":"2025-04-01T19:21:48","modified_gmt":"2025-04-01T17:21:48","slug":"che-cose","status":"publish","type":"page","link":"https:\/\/www.mutuastar.com\/new\/che-cose\/","title":{"rendered":"Che cos&#8217;e&#8217;"},"content":{"rendered":"<p><strong><img loading=\"lazy\" decoding=\"async\" class=\"alignleft wp-image-61\" src=\"http:\/\/www.mutuastar.com\/new\/wp-content\/uploads\/2016\/04\/carta-mutua-salus-247x500.gif\" alt=\"carta-mutua-salus\" width=\"144\" height=\"291\" \/><\/strong><\/p>\n<p><strong>La Carta Mutuasalus \u00e8 una tessera personale nominativa annuale<\/strong> riservata ai soci delle <strong>Mutue <\/strong>aderenti al <strong>COMIPA <\/strong>e ai loro familiari (figli minori). La carta permette di usufruire dei servizi di emergenza sanitaria ed altre prestazioni. Per ottenerla \u00e8 sufficiente compilare i moduli di adesione, disponibili presso gli uffici della Mutua, versando la quota associativa annua stabilita dalla Mutua.<\/p>\n<p>Dal <span style=\"text-decoration: underline;\">1 aprile 2025<\/span> il servizio della Centrale Operativa Rete MutuaSalus sar\u00e0 gestito da un nuovo partner. Il servizio sar\u00e0 affidato a <a href=\"https:\/\/www.creawelfare.it\/\" target=\"_blank\" rel=\"noopener\" data-saferedirecturl=\"https:\/\/www.google.com\/url?hl=it&amp;q=https:\/\/www.creawelfare.it\/&amp;source=gmail&amp;ust=1743593491408000&amp;usg=AOvVaw0GqNDl9zQ-AD_ALRiuK_hB\">Crea Welfare Srl<\/a>, per un servizio pi\u00f9 integrato e vicino alle esigenze degli enti consorziati e dei loro associati.<\/p>\n<p><strong>Validit\u00e0<\/strong><\/p>\n<p>La Carta Mutuasalus di norma riporta la data di emissione, e la verifica della validit\u00e0 da parte della centrale viene eseguita tramite contatto diretto con MACC da parte del numero verde. Alcune delle tessere pi\u00f9 risalenti riportano una data di scadenza: il Socio in regola con la quota associativa non deve preoccuparsi della validit\u00e0 riportata sulla Carta in quanto le strutture Convenzionate non considerano la scadenza bens\u00ec il numero riportato sulla stessa. In caso di mancato pagamento della quota associativa, la prestazione avverr\u00e0 in forma NON agevolata. Il Socio che ha smarrito la Carta pu\u00f2 richiedere il duplicato presso gli uffici della Mutua, al costo di \u20ac 10,00, come stabilito dal regolamento interno.<\/p>\n<p><strong>Numero verde<\/strong><\/p>\n<p>La fruizione delle prestazioni e dei servizi sanitari \u00e8 facilitata dal numero verde <strong>(800-802165 esclusivamente sul territorio italiano)<\/strong> gi\u00e0 in uso e collegato con la Centrale Operativa Mutuasalus, alla quale possono rivolgersi telefonicamente i Titolari della Carta, <em>specificando Nome e Cognome del Titolare e numero di codice personalizzato della Carta<\/em> (presente sul lato frontale della stessa).<br \/>\nIl servizio \u00e8 attivo nei <strong>giorni feriali dalle 9:00 alle 17:00<\/strong>. Per le chiamate ricevute fuori orario, \u00e8 previsto un form di richiesta con ricontatto dell&#8217;utente entro il primo giorno utile successivo.<\/p>\n<p><strong>Prestazioni<\/strong><\/p>\n<p>La Carta permette di usufruire su tutto il territorio nazionale delle seguenti prestazioni:<\/p>\n<ul>\n<li>Accesso alla rete sanitaria, composta da pi\u00f9 di 3.700 operatori sanitari convenzionati, e garanzia d\u2019applicazione di tariffe agevolate e controllate;<\/li>\n<li>Corsia preferenziale d\u2019accesso alle prestazioni sanitarie offerte in convenzione dagli operatori sanitari;<\/li>\n<li>Accesso alla rete extra-sanitaria, composta da pi\u00f9 di 2.300 esercenti convenzionati, e garanzia d\u2019applicazione di tariffe agevolate e controllate;<\/li>\n<li>Accesso ad eventi, iniziative e campagne di prevenzione organizzate dal tuo ente mutualistico.<\/li>\n<\/ul>\n<p><span style=\"text-decoration: underline;\">Servizi gratuiti inclusi<\/span><\/p>\n<ul class=\"mt-6\">\n<li><b>Informazioni sulla rete di convenzioni<\/b> MutuaSalus (rete sanitaria ed extrasanitaria);<\/li>\n<li><b>Orientamento telefonico<\/b> e supporto alla prenotazione di prestazioni sanitarie nell&#8217;ambito della rete MutuaSalus;<\/li>\n<li><b>Informazioni sui centri per la riabilitazione e la cura degli anziani<\/b> (case di riposo, ospedali per lunga degenza, centri termali, centri di riabilitazione);<\/li>\n<li><b>Prenotazione di consulenze telefoniche e videofoniche<\/b> con medici e specialisti;<\/li>\n<li><b>Organizzazione e coordinamento<\/b> dei seguenti servizi:\n<ul>\n<li>Consegna medicinali a domicilio;<\/li>\n<li>Trasporto sanitario (rientro a domicilio dopo ricovero o trasferimento verso centri medici);<\/li>\n<li>Supporto per il disbrigo di faccende domestiche.<\/li>\n<\/ul>\n<\/li>\n<\/ul>\n<p><span style=\"text-decoration: underline;\">Servizi a pagamento<\/span><\/p>\n<p><span style=\"text-decoration: underline;\">Accesso <b>rapido<\/b> e tariffe <b>agevolate<\/b> per gli associati:<\/span><\/p>\n<ul>\n<li class=\"mt-3\">Consulenza videofonica con medico di <b>medicina generale<\/b> o <b>pediatra<\/b>: costo della visita videofonica 39,00 \u20ac(l\u2019appuntamento sar\u00e0 fissato entro 60 minuti dalla richiesta)<\/li>\n<li class=\"mt-3\">Consulenza videofonica con <b>medici specialisti<\/b>: costo della visita videofonica 48,00 \u20ac (l\u2019appuntamento sar\u00e0 fissato entro 48 ore dalla richiesta)<\/li>\n<\/ul>\n<div class=\"mt-3\"><span style=\"text-decoration: underline;\">Servizi dedicati a soggetti in <b>difficolt\u00e0<\/b>:<\/span><\/div>\n<ul>\n<li class=\"mt-3\">Consegna medicinali a domicilio: solo costo dei medicinali<\/li>\n<li class=\"mt-3\">Trasporto sanitario: solo costo del servizio di trasporto<\/li>\n<li class=\"mt-3\">Prestazioni di assistenza domestica: solo costo della prestazione<\/li>\n<\/ul>\n<p><a href=\"http:\/\/www.mutuastar.com\/new\/wp-content\/uploads\/2025\/04\/Regolamento-Carta-Mutuasalus-valido-dal-1-aprile-2025.pdf\">Regolamento Carta Mutuasalus valido dal 1 aprile 2025<\/a><\/p>\n","protected":false},"excerpt":{"rendered":"<p>La Carta Mutuasalus \u00e8 una tessera personale nominativa annuale riservata ai soci delle Mutue aderenti al COMIPA e ai loro familiari (figli minori). La carta permette di usufruire dei servizi di emergenza sanitaria ed altre prestazioni. Per ottenerla \u00e8 sufficiente compilare i moduli di adesione, disponibili presso gli uffici della Mutua, versando la quota associativa annua stabilita dalla Mutua. Dal 1 aprile 2025 il servizio della Centrale Operativa Rete MutuaSalus sar\u00e0 gestito da un nuovo partner. Il servizio sar\u00e0 affidato a Crea Welfare Srl, per un servizio pi\u00f9 integrato e vicino alle esigenze degli enti consorziati e dei loro associati&#8230;. <a class=\"continue-reading-link\" href=\"https:\/\/www.mutuastar.com\/new\/che-cose\/\">Continua a leggere<\/a><\/p>\n","protected":false},"author":1,"featured_media":0,"parent":0,"menu_order":0,"comment_status":"closed","ping_status":"closed","template":"","meta":{"footnotes":""},"class_list":["post-60","page","type-page","status-publish","hentry"],"_links":{"self":[{"href":"https:\/\/www.mutuastar.com\/new\/wp-json\/wp\/v2\/pages\/60","targetHints":{"allow":["GET"]}}],"collection":[{"href":"https:\/\/www.mutuastar.com\/new\/wp-json\/wp\/v2\/pages"}],"about":[{"href":"https:\/\/www.mutuastar.com\/new\/wp-json\/wp\/v2\/types\/page"}],"author":[{"embeddable":true,"href":"https:\/\/www.mutuastar.com\/new\/wp-json\/wp\/v2\/users\/1"}],"replies":[{"embeddable":true,"href":"https:\/\/www.mutuastar.com\/new\/wp-json\/wp\/v2\/comments?post=60"}],"version-history":[{"count":11,"href":"https:\/\/www.mutuastar.com\/new\/wp-json\/wp\/v2\/pages\/60\/revisions"}],"predecessor-version":[{"id":4736,"href":"https:\/\/www.mutuastar.com\/new\/wp-json\/wp\/v2\/pages\/60\/revisions\/4736"}],"wp:attachment":[{"href":"https:\/\/www.mutuastar.com\/new\/wp-json\/wp\/v2\/media?parent=60"}],"curies":[{"name":"wp","href":"https:\/\/api.w.org\/{rel}","templated":true}]}}